q - 6. Let a be j(0). Let o be t(a). Let c be (3/(-1))/o*3. Calculate the greatest common divisor of c and 18.
3
Let m(n) = -n**3 + 15*n**2 - 16*n - 4. Let p be m(13). Let j(q) = 2*q**2 - 6*q + 1. Let y be j(5). What is the highest common factor of p and y?
21
Let k = -112 + 152. Calculate the greatest common factor of 30 and k.
10
Let k be (40/(-16))/(5/(-4)). Calculate the highest common divisor of k and 16.
2
Let b(g) = g - 2. Let r be b(19). What is the greatest common divisor of r and 51?
17
Suppose 0 = -3*t - 2*o + 78, 4*t = -o + 77 + 22. Let w be 6/(-3) - 18/(-1). Calculate the highest common factor of w and t.
8
Suppose 0 = -0*g - g + 4*p + 40, 0 = 4*g + 3*p - 103. Calculate the greatest common divisor of 42 and g.
14
Suppose -w - 6*w = -168. What is the highest common divisor of 16 and w?
8
Suppose 2*l = 5*l - 9. Suppose -3*b + 5*b + l*g - 46 = 0, 3*b = 5*g + 50. What is the greatest common divisor of b and 40?
20
Let j be ((-6)/(-4))/((-24)/32). Let n be 2 - (0 + j - 1). Calculate the highest common divisor of n and 5.
5
Let w(z) be the third derivative of z**6/120 - z**5/60 + z**4/24 + 4*z**3 - 5*z**2. Let m be w(0). Calculate the greatest common divisor of m and 6.
6
Let s be (-8)/(-6)*(-9)/(-6). Suppose -3*b + s*b - i + 53 = 0, 2*i = -5*b + 271. What is the highest common factor of 11 and b?
11
Let l be -5*(-5 - -3) + -2. Suppose 0 = a + a - 5*i + 72, -4*a = i + 122. Let c be (2 + a)*-2 + -2. What is the greatest common divisor of c and l?
8
Let w be (-6 + 3)*(-2 - -1). Let t be 2/(-3)*w - -1. Let o be 3 + -5 - t*5. Calculate the highest common divisor of o and 2.
1
Let o be (-4 - (-10)/(-4))*-2. What is the greatest common factor of 143 and o?
13
Suppose 0 = d - 3*i + 2, 0 = 4*d + 5*i - 43. What is the highest common factor of 35 and d?
7
Let v = 72 + -44. What is the greatest common factor of 224 and v?
28
Let n = 19 + -5. Calculate the highest common factor of 112 and n.
14
Let b(r) = r**3 - 6*r**2 + 4*r + 5. Let j be b(5). Suppose 2*v - 6*v + 92 = j. Suppose 0 = 5*t - v + 8. Calculate the greatest common divisor of 6 and t.
3
Let i = 100 - 67. Calculate the highest common factor of i and 66.
33
Let q = -26 + 56. Suppose 5*x + 20 = 6*x. What is the greatest common factor of q and x?
10
Let b = 63 - 23. Suppose 3*q + b = 8*q. Calculate the highest common divisor of q and 24.
8
Suppose -5*o - 20 = 0, 0 = z + 3*o - 0*o + 6. Suppose y = z*y. Suppose 440 = -y*u + 4*u. Calculate the greatest common divisor of u and 10.
10
Suppose -3*v = 13*v - 128. Calculate the greatest common divisor of v and 200.
8
Suppose -v + 23 = -5*p, 4*p + 3 = -13. What is the highest common divisor of 12 and v?
3
Let q be -5 + 2 - (2 - 10). Suppose 64 - 14 = q*p. Calculate the highest common factor of p and 2.
2
Let i = -1 - -2. Let v = i + 9. What is the greatest common factor of 80 and v?
10
Suppose 5*z - 120 = -5. Suppose -z = -4*h + 5. Let b = 13 - h. Calculate the highest common factor of b and 30.
6
Let m = -25 + 37. Calculate the greatest common factor of 108 and m.
12
Suppose -5*v + j = -0*v - 213, v + 2*j = 36. What is the highest common divisor of 105 and v?
21
Let w(l) = l**3 - 6*l**2 - 7*l + 4. Let n be w(7). Let h be ((-10)/n)/(6/(-36)). What is the highest common divisor of 75 and h?
15
Suppose 0 = s + 3*i - 29, 31 + 47 = 2*s + 2*i. What is the greatest common factor of 110 and s?
22
Suppose 0 = 3*x + 2*l - 31, l - 7 = -2. Suppose -i - 3 = -x, 3*f + 3*i = 162. What is the highest common factor of 10 and f?
10
Let d(r) = 14*r**3 + 2*r**2 - r + 1. Let s be d(1). Suppose 4*a - 448 = -0*a. What is the greatest common divisor of s and a?
16
Let d = -20 + 33. Let y = -10 + d. Calculate the greatest common factor of 1 and y.
1
Suppose 9*q = 11*q - 14. Calculate the highest common factor of 1 and q.
1
Let t = -5 - -9. Suppose -2*g = 4*d - 4*g - 540, -t*d = -5*g - 552. Calculate the highest common divisor of d and 19.
19
Let u(y) = -5*y - 7. Let i be u(-5). Let p = 78 - i. What is the highest common factor of p and 10?
10
Suppose 3*g = 4*g - 20. What is the greatest common divisor of 50 and g?
10
Let q be 5 + 1 + -2 + 3. Calculate the greatest common factor of 77 and q.
7
Let j = 7 + -14. Let a = 23 + j. Calculate the highest common factor of a and 2.
2
Suppose 3*l + 3*i = 153, 3*l - 104 = -i + 59. Let v be (4 - 21/6)*28. Calculate the highest common factor of l and v.
14
Let z = 118 + -62. Calculate the greatest common divisor of z and 84.
28
Let q = 5 - -2. What is the greatest common factor of 21 and q?
7
Suppose 0 = 3*v + v - 56. What is the highest common divisor of v and 154?
14
Let i be 160/90 + 4/18. Let q(c) = -c**2 + 5*c + 5. Let x be q(5). Suppose -x*k + s = -10, 3*s - i = k - 4. What is the greatest common factor of k and 5?
1
Let u(s) = -2*s**2 + s. Let p be u(1). Suppose -4*m - 4*f + 9 = -11, -2*f = 3*m - 12. Let i = m + p. Calculate the greatest common divisor of i and 9.
1
Let d = -18 - -26. What is the highest common factor of d and 8?
8
Let g(p) = p**3 + 14*p**2 + 13*p - 52. Let u be g(-12). Calculate the greatest common divisor of u and 32.
16
Suppose 4*r - 10 = 6, 4*m = -3*r + 32. Let f be ((-3)/(12/140))/(-1). What is the highest common factor of m and f?
5
Suppose 0 = u - 4*u + 15. Suppose -p + 5 = -u. What is the greatest common divisor of 30 and p?
10
Let r(p) = 2*p**3 - 2*p**2 - 5*p + 7. Let w be r(5). Calculate the highest common divisor of 26 and w.
26
Let s be 6*2/(-48)*-4. Calculate the highest common factor of 8 and s.
1
Suppose -3*i + 6 + 0 = 0. Suppose 5*d = 5*y - 40, -2*y + 5 = -7*y - 4*d. Suppose 0 = -p + 5 - y. What is the highest common divisor of p and i?
2
Let o be (-5)/((-15)/51) - 2. What is the greatest common factor of 165 and o?
15
Let t(j) = j**3 + 8*j**2 + 6. Let c(z) = z + 6. Let v be c(-5). Let n = -7 - v. Let o be t(n). What is the highest common factor of 6 and o?
6
Suppose 4*s - 44 - 84 = 0. What is the greatest common divisor of s and 4?
4
Let i(y) = -y**2 + 4*y + 12. Let l be i(5). Calculate the highest common factor of l and 14.
7
Let u be (-4)/2*(2 - 8). Suppose 0*d = 3*d - u, 0 = -4*f + 5*d + 32. Calculate the highest common factor of 117 and f.
13
Suppose -2*j = -2 - 6. Suppose j*i + 3 = 19. Let x = -18 + 24. Calculate the highest common divisor of i and x.
2
Let f = -11 - -18. Let i(t) = -t**2 + 9*t - 2. Let h be i(f). Let n = 64 - 4. Calculate the greatest common factor of h and n.
12
Let w = -8 - -20. What is the highest common factor of 48 and w?
12
Suppose -s + 3 + 11 = 0. Let a(c) = 7*c**2 - 2*c - 1. Let j be a(3). Calculate the greatest common factor of j and s.
14
Let c = 10 + -9. What is the highest common factor of c and 5?
1
Let o(m) = -11*m + 10. Let n be o(6). Let i = n + 133. Calculate the highest common divisor of 11 and i.
11
Let r = -2 - -3. Let g = r - -2. Suppose -36 = -g*t - t. What is the greatest common divisor of t and 6?
3
Let l(w) = 2*w + 1. Let y be l(-1). Let h = y - 8. Let u = h - -21. Calculate the greatest common factor of u and 132.
12
Let g = -29 + 32. Calculate the greatest common divisor of 9 and g.
3
Suppose -2*n + 0*n = -12. Suppose 4*u - w + 158 = -3*w, 0 = 2*u - 2*w + 94. Let f be (-1)/(-1 + 2)*u. Calculate the greatest common factor of n and f.
6
Suppose -3*m = -3*d - 12 + 63, -m + 35 = 3*d. Let i(p) = -2*p**3 - p**2 + 19*p**3 - p + 0*p**2. Let u be i(2). Calculate the greatest common factor of d and u.
13
Suppose 0*p - 4*l = -2*p - 12, p + 2*l - 14 = 0. Let r be ((-3)/6)/(1/(-210)). Suppose r = p*t + t. What is the highest common factor of t and 147?
21
Let n be -2*66/(-4) - 0. Let c be 303/n + (-4)/22. What is the highest common divisor of c and 81?
9
Suppose z + 4*z - 255 = 0. Let y(i) = i**2 + 12*i + 28. Let b be y(-11). Calculate the greatest common factor of b and z.
17
Let y = 25 - 7. Let r(j) = j**3 + 2*j - 4. Let i be r(-4). Let a = i - -121. What is the greatest common divisor of a and y?
9
Let u(m) = -m + 16. Let z(p) = p + 4. Let w be z(-4). Let v be u(w). Suppose 4*q = 0, 5*q = 4*k - 58 - 38. What is the highest common divisor of k and v?
8
Suppose 4*c - 4 = -w + 5*c, 0 = w + 3*c - 4. Calculate the highest common factor of 20 and w.
4
Let d(t) = -t**2 + t + 2. Let m be d(2). Suppose 3*j - 5*j + 40 = m. What is the highest common divisor of 10